 = -2*q**2 + 3*q + 3. Give a(3).
-6
Let o(y) = -y**2 - 14*y + 2. Determine o(-8).
50
Let t(p) = -p**2 + 4*p + 25. Give t(8).
-7
Let n(o) = -o**3 + 11*o**2 + 20*o - 99. What is n(12)?
-3
Let m(r) = -21*r - 619. Determine m(-30).
11
Let b(w) = -w + 26. Give b(34).
-8
Let d(h) = -h**2 + 13*h - 2. Calculate d(10).
28
Let j(h) = -13*h + 1175. Determine j(91).
-8
Let p(d) = -d**2 - d + 3. Determine p(3).
-9
Let i(z) = -11*z**2 + 6*z - 6. Calculate i(1).
-11
Let k(g) = g**2 - 15*g - 2. Determine k(15).
-2
Let a(t) = 3*t**3 + t**2 - 3*t - 2. Calculate a(-2).
-16
Let l(o) = 5*o**3 - 2*o**2. Calculate l(2).
32
Let q(p) = p**2 + 9*p - 13. Give q(-7).
-27
Let z(x) = 23*x - 77. What is z(3)?
-8
Let d(i) = -i**3 - 2*i**2 - i + 2. Give d(-2).
4
Let t(n) = -5*n + 5. Give t(4).
-15
Let h(j) = -j**2 + 24*j - 87. Give h(19).
8
Let y(v) = -9*v - 25. Calculate y(3).
-52
Let n(b) = b**2 - 7*b + 15. Determine n(7).
15
Let m(c) = 13*c. What is m(4)?
52
Let n(o) = -8*o - 2. Give n(1).
-10
Let h(b) = -b + 1. What is h(9)?
-8
Let b(c) = c - 2. Determine b(-7).
-9
Let u(m) = -5*m + 19. Give u(14).
-51
Let d(l) = 2*l**3 + 31*l**2 + 44*l + 28. Calculate d(-14).
0
Let c(x) = 6*x + 4. What is c(-1)?
-2
Let c(a) = -a**2 + 24*a - 115. Determine c(7).
4
Let v(k) = -26*k**2 - 3*k + 6. Calculate v(-3).
-219
Let n(i) = 6*i + 113. Give n(-27).
-49
Let m(a) = -a**3 - 15*a**2 + 33*a + 15. Calculate m(-17).
32
Let f(s) = -7*s**2 + 3*s - 2. What is f(1)?
-6
Let j(o) = -31*o - 1122. Calculate j(-36).
-6
Let p(l) = l**2 + 17*l + 35. What is p(-15)?
5
Let n(v) = 5*v - 73. What is n(15)?
2
Let h(v) = -5*v + 7. What is h(6)?
-23
Let j(r) = -40*r**2 - 2*r - 1. Give j(-1).
-39
Let m(u) = u**2 + 32*u + 137. Give m(-27).
2
Let r(b) = b**3 - 34*b**2 + 31*b + 71. Give r(33).
5
Let f(c) = -107*c + 2. Give f(-1).
109
Let s(m) = -m**3 + 5*m**2 - 3*m + 1. What is s(3)?
10
Let a(t) = t**3 - 2*t**2 - 3*t + 6. What is a(4)?
26
Let c(v) = -v**3 - 5*v**2 - 2*v - 1. What is c(-2)?
-9
Let j(o) = -o - 6. Calculate j(0).
-6
Let z(b) = 5*b - 61. What is z(10)?
-11
Let z(b) = -7*b - 38. What is z(-11)?
39
Let q(i) = i**2 + 37*i + 160. Give q(-32).
0
Let d(y) = -y**2 + 11*y - 15. Give d(9).
3
Let q(p) = p**3 + 15*p**2 + 4*p + 32. Determine q(-15).
-28
Let l(f) = f**3 + f**2 + 3*f + 7. What is l(0)?
7
Let x(n) = 3*n + 3. Give x(-3).
-6
Let u(r) = -24*r**3 + r**2. Calculate u(-1).
25
Let o(y) = -3*y + 2. What is o(2)?
-4
Let o(i) = -3*i. Give o(0).
0
Let k(q) = 54*q + 58. Give k(-1).
4
Let b(u) = u + 21. What is b(-9)?
12
Let j(m) = 8*m + 105. Determine j(-16).
-23
Let g(b) = 3*b - 46. Calculate g(-23).
-115
Let h(c) = 58*c + 1. Determine h(1).
59
Let o(m) = -5*m**2 + 12*m + 1. What is o(4)?
-31
Let q(l) = 2*l + 15. What is q(-12)?
-9
Let p(u) = -22*u**3 - 2*u - 2. Give p(-1).
22
Let m(h) = 2*h**2 + 2*h + 4. What is m(3)?
28
Let q(a) = a**2 - 11. Calculate q(0).
-11
Let o(q) = -q**3 + 8*q**2 + 1. What is o(8)?
1
Let f(s) = s**3 - 4*s**2 + 2*s - 1. Give f(4).
7
Let l(h) = -h - 2. Calculate l(-4).
2
Let s(x) = 6*x - 10. Calculate s(-5).
-40
Let m(b) = b**3 - 4*b**2 + 7*b - 9. What is m(2)?
-3
Let i(u) = -u**2 + 16*u - 58. Give i(13).
-19
Let r(z) = z**2 - 14*z - 10. What is r(16)?
22
Let n(p) = 18*p + 130. Determine n(-7).
4
Let b(l) = 4*l - 65. What is b(5)?
-45
Let f(v) = v**3 + 12*v**2 + v + 12. Determine f(-12).
0
Let t(c) = 5*c + 3. What is t(4)?
23
Let m(z) = -7*z - 4. Give m(2).
-18
Let a(k) = -7*k + 4. Determine a(-5).
39
Let x(g) = g**3 - 8*g**2 - 8*g + 7. Determine x(9).
16
Let j(u) = u**3 + 10*u**2 - 13*u - 19. Calculate j(-11).
3
Let l(d) = d**2 + 22*d + 1. Calculate l(-19).
-56
Let r(s) = s + 26. Determine r(-19).
7
Let z(h) = -29*h + 2. Give z(1).
-27
Let t(s) = -s**3 - 9*s**2 - 11*s - 8. Determine t(-8).
16
Let b(q) = -q**2 + 8*q + 14. What is b(10)?
-6
Let y(c) = 2*c**2 - 11*c - 16. Determine y(7).
5
Let g(w) = w**2 - 15. Give g(5).
10
Let l(h) = -h**2 + 12*h + 79. What is l(-5)?
-6
Let n(v) = 2*v - 13. What is n(17)?
21
Let b(l) = 33*l - 197. Determine b(6).
1
Let j(w) = w**3 - 15*w**2 - 17*w + 18. Give j(16).
2
Let t(z) = 20*z - 445. Give t(22).
-5
Let k(n) = -4*n**3 - n**2 + n. Calculate k(1).
-4
Let p(o) = -8*o - 454. Calculate p(-54).
-22
Let r(l) = l**2 - 8*l + 13. What is r(4)?
-3
Let p(z) = z**3 + 9*z**2 - 2*z - 5. Calculate p(-4).
83
Let b(c) = c**2 + 2*c + 1. Give b(5).
36
Let b(g) = 2*g - 19. What is b(10)?
1
Let n(c) = -12*c**2 - 3*c + 2. Give n(1).
-13
Let a(r) = 4*r + 38. Determine a(-11).
-6
Let j(z) = -z**2 - 4*z + 11. Calculate j(-7).
-10
Let s(p) = -p + 42. What is s(19)?
23
Let n(d) = -3*d - 12. Give n(-6).
6
Let v(c) = c**2 - 7*c - 1. What is v(10)?
29
Let c(v) = -v**3 + 4*v**2 - 2*v - 160. Determine c(0).
-160
Let k(g) = 28*g - 5. What is k(-1)?
-33
Let j(w) = w**3 - 10*w**2 - 2*w + 11. Calculate j(9).
-88
Let n(k) = k**3 + 21*k**2 + 18*k - 5. What is n(-20)?
35
Let c(i) = i**2 - 24. Give c(5).
1
Let s(y) = -6*y. Give s(1).
-6
Let t(s) = -s**2 - 8*s - 4. Determine t(-9).
-13
Let j(r) = r**3 - r**2 - 31*r - 6. Give j(6).
-12
Let n(z) = z**2 - 6*z - 2. Determine n(4).
-10
Let u(p) = -21*p - 3. Give u(1).
-24
Let y(u) = u**3 + 5*u**2 - 3*u + 1. What is y(-4)?
29
Let q(w) = w**3 + 7*w**2 + 10. Calculate q(-7).
10
Let y(g) = g**3 + 14*g**2 - 16*g + 5. Determine y(-15).
20
Let h(b) = b + 4. Calculate h(-9).
-5
Let w(i) = -2*i**3 + 22*i**2 - 21*i + 5. Calculate w(10).
-5
Let l(w) = -4*w + 24. What is l(9)?
-12
Let p(z) = 4*z - 38. Calculate p(9).
-2
Let l(d) = -51*d - 1. Calculate l(-1).
50
Let t(u) = 17*u**3 - u**2 - u. Determine t(-1).
-17
Let c(k) = -k**3 - 9*k**2 - k - 9. Determine c(-9).
0
Let a(t) = -18*t + 108. Calculate a(7).
-18
Let l(h) = 2*h - 4. What is l(4)?
4
Let h(p) = -p**3 + 22*p**2 - 39*p - 7. What is h(20)?
13
Let y(x) = -33*x - 14. What is y(3)?
-113
Let j(y) = -17*y + 14. Determine j(-1).
31
Let h(p) = 7*p**2 - 2*p - 8. Give h(-2).
24
Let y(b) = -b**2 + 37*b - 127. Calculate y(33).
5
Let n(v) = -7*v. Calculate n(4).
-28
Let p(z) = -35*z - 835. Calculate p(-24).
5
Let m(i) = 3*i + 21. Determine m(-7).
0
Let t(y) = y**3 - 2*y**2 - 3*y - 6. Determine t(-3).
-42
Let k(i) = -5*i**3 - 3*i**2 - 8*i. Give k(-3).
132
Let p(f) = 23*f + 104. What is p(-4)?
12
Let l(t) = t**2 + 6*t + 10. Determine l(-8).
26
Let q(h) = -45*h - 6. Calculate q(-2).
84
Let x(q) = q**3 + 11*q**2 + 10*q + 1. What is x(-10)?
1
Let j(x) = -45*x + 323. Give j(7).
8
Let a(n) = -12*n + 26. What is a(3)?
-10
Let n(w) = 48*w**3 - 3*w - 2. Determine n(-1).
-47
Let a(m) = 7*m + 24. Calculate a(-4).
-4
Let w(p) = 3*p**3 - 3*p**2 - 2*p - 4. Give w(3).
44
Let i(j) = 8*j + 39. Determine i(-9).
-33
Let b(q) = q**2 + 7*q - 2. Give b(-4).
-14
Let p(m) = 8*m**2 + 2*m - 2. What is p(1)?
8
Let y(k) = -61*k**3 + 2*k**2 - k. Give y(1).
-60
Let x(r) = 6*r**2 - 31*r - 1. Give x(5).
-6
Let y(z) = z**2 + 11*z + 30. Calculate y(-6).
0
Let r(b) = b**3 - b**2 + 10. Give r(0).
10
Let d(f) = f**2 - 22*f - 87. Give d(25).
-12
Let h(s) = s - 1. Give h(16).
15
Let s(a) = -13*a - 118. Give s(-9).
-1
Let a(k) = -k**2 - 13*k + 9. Calculate a(-13).
9
Let v(s) = 69*s - 405. Calculate v(6).
9
Let k(d) = 2*d**3 + 14*d**2 - 14*d + 19. Calculate k(-8).
3
Let o(k) = 2*k**2 - 9*k - 110. Calculate o(10).
0
Let b(y) = -y**3 + 14*y**2 + 14*y + 11. What is b(15)?
-4
Let d(s) = s**2 + 18*s + 23. Determine d(-17).
6
Let w(a) = a**2 + 6*a - 3. Give w(-5).
-8
Let o(c) = 42*c + 431. What is o(-10)?
11
Let n(y) = 19*y**2 - 79*y + 1. What is n(4)?
-11
Let d(g) = -94*g - 276. Determine d(-3).
6
Let c(q) = -q**3 - 10*q**2 + 3*q - 94. What is c(-11)?
-6
Let k(q) = -2*q**2 + 4*q + 26. Determine k(-3).
-4
Let m(v) = -v**3 - 2*v**2 - 1. Give m(-3).
8
Let c(d) = -5*d - 7. Calculate c(7).
-42
Let g(j) = j**3 - 9*j**2 + 2*j + 8. Calculate g(8).
-40
Let m(g) = 30*g**2 + 8*g + 9. What is m(-1)?
31
Let r(u) = -2*u**2 - 4*u + 14. Give r(2).
-2
Let z(v) = -v + 4. Calculate z(21).
-17
Let k(b) = b**3 + 44*b**2 + 78*b - 249. What is k(-42)?
3
Let o(i) = i**3 + 11*i**2 + 7*i - 13. Give o(-10).
17
Let q(k) = k**2 - 7*k - 10. Determine q(10).
20
Let w(b) = -3*b**2 - 21*b + 32. Determine w(-8).
8
Let b(k) = -k**2 - 40*k - 210. What is b(-34)?
-6
Let k(y) = -y**2 + 22*y - 42. Give k(20).
-2
Let a(z) = -6*z**2 + 22*z + 11. Calculate a(4).
3
Let r(x) = 2*x**3 + 2*x**2 - 2